) - 2*s(z). Give i(10).
-8
Let l(t) = t - 38. Let j be l(-11). Let m = j - -53. Let a(i) = -16*i + 9*i + 3 + m*i + 7. Calculate a(7).
-11
Let w(m) be the third derivative of 0 - 156*m**2 + 1/12*m**4 + 2/3*m**3 + 0*m. Give w(0).
4
Let s(k) = 2*k + 23. Let h be s(-11). Suppose m = 2*g - 3 - h, 5*m + g - 35 = 0. Let l(v) = -5*v + 2 + 1 + 2*v. Calculate l(m).
-15
Let h(c) = c**3 - 54*c**2 + 55*c - 102. Let d = -7430 + 7483. What is h(d)?
4
Let j = 43 - 47. Let i be (18/j)/(14/28). Let u = i + 4. Let p(b) = b**2 + 5*b - 4. Calculate p(u).
-4
Let f = -140 - -143. Let h(m) = -3 - 9 - f - m - 8. Give h(-11).
-12
Let f be ((-1)/2)/(5/(-110)). Let q = 13 - f. Let i(h) = -1 + 3 - 1 + h**q - 2*h**2. Calculate i(-3).
-8
Let k(z) = -5*z - 250. Let j(x) = -6. Let p(o) = -40*j(o) + k(o). Give p(11).
-65
Let k(w) = 68*w**2 - 402*w - 32. Let q be k(6). Let s(y) = -24*y + 104. Calculate s(q).
8
Let b(n) = -239*n + 1674. Let w be b(7). Let y(l) be the third derivative of l**6/12 + l**4/24 - l**2. What is y(w)?
11
Let b(r) = -63*r**3 + 15*r**2 + 2*r - 25. Let n(o) = -8*o**3 + 2*o**2 - 3. Let m(i) = -b(i) + 8*n(i). Suppose -x + 5 - 4 = 0. Determine m(x).
-1
Let i(t) = 4*t**2 - 22*t - 5. Let s be i(6). Let y(b) be the third derivative of b**5/60 - b**4/4 - 2*b**3/3 - 12*b**2. Determine y(s).
3
Let y(h) = h**3 - 17*h**2 + 31*h - 37. Let w be ((-60)/24 + 4)*30/3. Calculate y(w).
-22
Let p(n) = n**3 + 14*n**2 - 15*n - 1. Suppose -3*s + 12 = 0, 10*s - 6 = -2*u + 5*s. Let v be 30/(u/(42/12)). What is p(v)?
-1
Let w = -2 + 2. Suppose w = -5*o - 10, 4*o + 13 = 5*l + 5*o. Suppose 5*u = -2*i + 21, -2*i = 2*i + l*u - 7. Let v(c) = c - 2. Calculate v(i).
-4
Let c(v) = v**2 + 4*v - 2. Let l(s) = 12 - 50*s - s**2 + 50*s + 0*s**2. Let a be l(3). Suppose 3*m - 2*r + 7 = -7*r, a*m + 2*r = -10. Determine c(m).
-2
Let r(l) = -l**2 - 5*l - 3. Let q(c) = 4*c + 1. Let z(v) = 5*q(v) + 2*r(v). Suppose -6*b - 9 = -3*n - 3*b, 0 = -n + 4*b - 9. Give z(n).
-29
Let h(n) = n**2 + 3*n - 3. Suppose 4*q + 751 = -3*g, 5*q - 731 = 3*g + 4*q. Let t = 248 + g. Calculate h(t).
15
Let n(q) be the second derivative of -q**3/6 + q**2/2 + 3915*q + 3. Suppose 8*g = 3*g - 25, 4*y + 19 = -3*g. Give n(y).
2
Let y(n) = -2*n + 4*n**2 + 0*n**2 + 0*n**2 + 4*n**2 - n**3. Let r = 1151 - 1143. Determine y(r).
-16
Let g(t) = -4*t + 6. Suppose 21*s - 26*s = -10. Suppose 0 = -2*u + 6, -3*p + 2*p = s*u - 12. Determine g(p).
-18
Let n(g) = g**2 - 17*g + 13. Let b be n(16). Let v(p) = -p**2 - 3*p + 2. Let x be v(b). Let o(u) = u**x - 8 + 10*u - 7*u**2 + 0*u**2 + 5*u**2. Give o(9).
1
Let u(z) = -z**3 + 3*z**2 + 10*z - 2. Let y be u(5). Let q be 176/(-11) - y/(-1). Let c be ((-3)/q)/(2/12). Let k(r) = -6*r - 1. Give k(c).
-7
Suppose -36*m + 5*a = -41*m + 70, 5*m - a = 22. Let o(g) = 5*g + 47. Determine o(m).
77
Let y(d) be the second derivative of d**3/3 + 16*d. Suppose 2*c - 5*w = 18, 2*c - 3*w = -0*c + 18. What is y(c)?
18
Suppose 2*i - 25 + 226 = 5*s, 0 = -i - 3. Let y = s + -38. Let z(b) = -20*b - 26*b - y - 24*b + 69*b. Give z(3).
-4
Let p = -4625 - -4626. Let l(s) = 2*s**3 - 2*s**2 + 2. Determine l(p).
2
Let s(m) = -m**3 + m**2 + 4*m + 3. Suppose -8*v = -742 - 3250. Let c = 503 - v. What is s(c)?
-29
Let n(v) = -14*v + 15*v + 13 + 8*v - 3 + 3*v. What is n(-7)?
-74
Suppose 28 = -1596*s + 1594*s. Let a(o) = -8*o - 100. What is a(s)?
12
Let g = 11061 + -11057. Let r(c) = -24*c + 39. What is r(g)?
-57
Let r(o) = -o**3 + 4*o**2 + 8*o - 10. Let m be r(5). Suppose -2*j + 31 = m*s, 5*s - 21 - 19 = -5*j. Let q(d) = -9*d + 3. What is q(j)?
-24
Let r(z) = 2 + 3*z - 91*z**2 - 4*z - 4*z + 94*z**2 - 4*z**3. What is r(1)?
-4
Let w = 40 + -31. Let g be (-48)/18*w*-1. Suppose 6*y - g = -0*y. Let h(m) = -2*m**2 + 3*m + 2. Determine h(y).
-18
Let w = -42109 - -42129. Let a(d) = d**2 - 22*d - 8. Determine a(w).
-48
Let c(a) = -8*a**2 + 249214*a**3 - 249213*a**3 - 6 - 61*a - 22 - 17. Calculate c(13).
7
Let k(u) be the first derivative of 7*u**2 + 12*u + 2123. Determine k(2).
40
Let z = -1 - 1. Suppose -62*c + 26 = -49*c. Let f(k) = -81*k**2 + 26*k**2 - 3*k - 3 + 25*k**2 + 26*k**c. Give f(z).
-13
Let l be (-4)/6 - (-225)/(-27). Let q(u) = -2*u - 14. Let k be q(l). Let t(m) = k - 52*m - 3 + 48*m. Give t(1).
-3
Let f(r) = -2 + 7*r - 4*r + 3*r. Let d be 13 - (90/18 + 12). Calculate f(d).
-26
Let d(p) = -p**3 + 6*p**2 + 7*p + 9. Let i be (-8)/(4/2)*(-22)/4. Let h = i + -17. Suppose -5*x - 4*f + 23 = 0, 10 = x - h*f + 4*f. What is d(x)?
9
Suppose 42 = 8*h - 5*h. Suppose -4*r = 5*i - 34, -3*r + h = 2*i - 1. Let p(g) = g**2 - 6*g - 5. What is p(i)?
-5
Let o(i) = 2*i + 29. Let k(r) = r**2 - 32*r + 143. Let z be k(26). Determine o(z).
3
Let i(b) = -7*b**3 - b**2 + b + 1. Let z(c) = -c**3 + 5*c**2 + 3*c. Suppose 1 - 13 = -4*x. Let s be z(x). Let y = -28 + s. What is i(y)?
6
Let p(n) = -n - 4. Suppose -3*f + 180 = -0*f. Suppose 0 = -62*o + 68*o + f. Calculate p(o).
6
Suppose -5*o - 5*n - 10 = 0, -5*o = -n + 5*n + 8. Suppose 4*a + 13 = -5*q - 7, -5*q + 5 = -a. Let p(z) = -5 - z + q + 4 + 3. What is p(o)?
2
Let w(i) = -i**2 - 48615 + 24303 - 10*i + 24303. Give w(-7).
12
Let g(j) be the second derivative of j**4/12 + 3*j**3 + 9*j**2/2 + 9146*j. Calculate g(-18).
9
Let n be (-4808)/(-601) + (7/(-1) - -1). Let y(j) = -6*j**3 + 2*j**2 - 4. Give y(n).
-44
Suppose 2*x - 19 = 5*p, 4*p + 5 = 2*x - 11. Let r(f) = 24*f + 19. What is r(p)?
-53
Let v(d) = -4*d + 1. Suppose -38*c - 2904 = -26*c. Let m = c + 242. Calculate v(m).
1
Let v(g) be the second derivative of 3*g**5/20 + g**4/12 + g**3/6 - 2*g**2 - 310*g + 100. Let x(l) = -l**3 + 2*l**2 + l - 2. Let n be x(2). Give v(n).
-4
Suppose -50 = 14*a + 48. Suppose -5*w + w = -12. Let h(o) = -8*o + w + 0 - 2 - o**2. Determine h(a).
8
Let t be (4 + 0 - 4)/1. Let i(q) = q + 8. Let m(a) = -3*a - 24. Suppose -3*l + 5*v = -9, -4*l + 25 = v - 10. Let r(s) = l*i(s) + 3*m(s). Give r(t).
-8
Let p(k) = -2*k - 2. Let w(n) = -10*n - 24. Let s(m) = 10*p(m) - w(m). Calculate s(-3).
34
Let j(l) = -6*l**2 - 33*l + 2. Suppose 1707*b = 1638*b - 414. Give j(b).
-16
Let j be (-28 - -50)/(2/(-2)). Let b be ((-7)/(-14))/(1/j). Let c(z) = 2*z + 11. Give c(b).
-11
Let b(g) = -7*g - 8848 + 4440 + 4452. Calculate b(-5).
79
Let r be ((-88)/99)/((-12)/54). Let i(k) = 5*k**2 + 2*k**2 - 5*k - 6*k**2. What is i(r)?
-4
Let x(l) = -l**3 - 4*l**2 - 7*l + 1. Let s be x(-2). Let r(b) = -1 + 7*b - s*b - b. What is r(4)?
-5
Suppose -16 = -j - 5*g + g, -3*g + 15 = 0. Let l be (-2 + 2/4)*(j + 10). Let u(a) = a**3 + 10*a**2 + 10*a - 4. Calculate u(l).
-13
Let n(l) = 19*l**2 - 74*l**2 + 1 + 45*l**2. Determine n(-1).
-9
Suppose 81*i + 1644 = 87*i. Let l(m) = i + 273 - 548 + 6*m. Let u = 0 - 1. Give l(u).
-7
Suppose -36 = -m - 56. Let w(z) = 5*z + 101. What is w(m)?
1
Let d(h) = -3*h**3 - 5*h**2 + 3*h + 19. Let b(g) = 22*g**3 + 40*g**2 - 22*g - 145. Let z(j) = 2*b(j) + 15*d(j). Let o(u) = 5*u. Let r be o(1). Give z(r).
0
Let n(h) be the first derivative of 4*h**3/3 - 9*h**2 + 10*h - 724. Calculate n(4).
2
Let o(y) = y**3 + 5*y**2 + 5*y - 3. Let z(c) = -2*c + 21. Let d(k) = -3*k + 22. Let r = 14 - 17. Let h(b) = r*d(b) + 4*z(b). Let u be h(-22). What is o(u)?
-7
Let l(n) = -8 + 26 - 11*n + 24 + 46 + 10. Calculate l(9).
-1
Let f(z) be the second derivative of z**5/20 + 2*z**4/3 - 4*z**3/3 - 3*z**2 + 2258*z. Calculate f(-9).
-15
Let b be (-6 + 252/49)/((-1)/14). Let l(u) = 8*u + 10*u - 27*u + b + 8*u. Calculate l(8).
4
Let u(o) = -o**2 - 3*o - 1. Let x(l) = 2*l + 8 - 6 - 4 - 11*l + 3*l**2. Let y(d) = -3*u(d) + x(d). Give y(-1).
7
Let t(f) = 5*f - 36. Let w be t(9). Suppose -w*r - 5*p + 22 = -6*r, -2*r - p = -10. Suppose -9*d + 10 = -r*d. Let x(s) = -5*s + 3. Give x(d).
-7
Let q(v) = 4*v**3 - 3*v**2 + 9*v. Let a(h) = -21*h**3 + 15*h**2 - 49*h - 1. Let d(k) = 2*a(k) + 11*q(k). Determine d(2).
4
Let g be (-32)/7*(9 - 16). Let m be (0/1)/(-1 - 0). Suppose m = -4*o + u - g, 0 = 2*o + 3*u - 0 + 16. Let b(a) = a**2 + 7*a - 3. Determine b(o).
5
Let u(v) = -4*v**3 - 4*v**2 + 3*v - 5. Let n(t) = -2*t**2 + 36*t + 5. Let r be n(18). Let w(f) = -f**3 + f - 1. Let m(i) = r*w(i) - u(i). Determine m(4).
8
Let r(z) = z**3 - 9*z**2 + 4*z + 22. Suppose -30*g + 89*g = 531. Calculate r(g).
58
Let f(k) = k**2 - 5*k - 5. Let c be (14/4)/(-1) - 7/14. Suppose 3*n = -z + 2, n + z - 3*